 q(6). Let w(i) = -252 + i**3 + u + 129 - 6*i**2. Give w(6).
-6
Let a(u) = -u**2 - 8*u - 7. Let z be 3/(-5) + 288/30. Suppose -z*q = 81 - 18. Determine a(q).
0
Let t = 2200 + -2197. Let i(n) = 2*n**3 - 5*n**2 - 5*n - 2 + 3 + 2*n. Let b be i(t). Let v(x) = -5*x**3 + x**2. Calculate v(b).
-4
Let h(a) = -7*a - 87. Let b(n) = 7*n + 131. Let o(l) = 2*b(l) + 3*h(l). What is o(5)?
-34
Let v(c) = c**3 + 3*c**2 - 3*c - 1. Let d(r) = 6*r**2 + r - 2. Let j be d(-3). Let l be 4/14 + (-210)/j. Let q be v(l). Let u(z) = z**2 + 5*z - 3. What is u(q)?
-3
Let t(w) = -43*w - 4256. Let u be t(-99). Let m(j) = 4*j + 7. Give m(u).
11
Suppose 22*z - 30 = 12*z. Let d(o) = 21 - o**2 - z - 7*o - 8 - 5. Calculate d(-9).
-13
Let l(u) = 43 - 19 + 13*u - 11*u + 5 + 6. Give l(-16).
3
Let c(r) = -103*r**2 + 102*r**2 + 23*r + 32*r - 54*r + 1. Let p(v) = -v**2 - 4*v + 7. Let x be (-51)/9 - 4/(-6). Let n be p(x). Calculate c(n).
-1
Let u = 1700 - 1699. Let f(q) be the first derivative of 10*q - u - 1/2*q**2. Calculate f(6).
4
Let o(z) = z + 26. Let x(b) = b**2 - 58*b - 2292. Let w be x(-27). What is o(w)?
29
Let w(c) = -4*c**2 + 4*c + 6. Let b be 2*(2 + 15/6 + -3). Determine w(b).
-18
Suppose 3*p - 12 = 3*q, 5*q - 12 = 2*p - 5*p. Let d(x) = 25*x - 1 + 5*x - 3*x - 7*x - 18*x. Determine d(q).
-1
Suppose 0 = 15*a - 81*a. Let k(j) = -j**2 - 6 + 2*j**3 - 3*j**3 + 0*j**3 + 0*j**3 - j. What is k(a)?
-6
Let g(k) = -k - 8. Let j = 5401 + -5402. Give g(j).
-7
Let h(t) be the second derivative of 17*t**3/6 - 33*t**2/2 - 12*t - 32. Determine h(6).
69
Let c(n) = -n**3 + 11*n**2 - 9*n - 16. Let x = 303 - 300. Let q(w) = 2*w**3 - 12*w**2 + 8*w + 18. Let a(z) = x*c(z) + 2*q(z). Determine a(-10).
-2
Let y(u) = -6*u + 24. Suppose 78 = 203*v - 177*v. Calculate y(v).
6
Suppose 5*r - 3 = 12. Let y = 339 - 335. Let q(k) = -13 + y*k + 8 + 6 + 0*k - 3*k**2. Determine q(r).
-14
Suppose 0 = 150*t + 130 - 2380. Let h(s) = -2*s**2 + 29*s + 24. Calculate h(t).
9
Let r = 13114 + -13106. Let f(m) = -m**3 + 8*m**2 - 7*m + 2. Give f(r).
-54
Let m(s) be the first derivative of -6*s - 1/4*s**4 + 1/2*s**2 - 130 - 4/3*s**3. Determine m(-5).
14
Suppose -15 = -4*m - m - 5*k, 4*m - 4*k = -4. Suppose 3*a + 78 = 3*b, b = 4*a + m + 16. Let i(o) = -o + 7 - b*o**2 + 15*o**2 - 6. Determine i(1).
-14
Let g = 333 + -288. Suppose -8*o + 13*o = -g. Let u(t) = t**3 + 9*t**2 + 7. Calculate u(o).
7
Let m(q) = 3 + 1 + 6 - 11 - q. Let z(a) = -a**3 + 17*a**2 + 4*a - 15. Let k(j) = -3*m(j) - z(j). Give k(17).
1
Let f(h) be the first derivative of 2*h**3/3 + 2*h**2 + 9. Suppose 10*u - 7*u + 2*o + 15 = 0, u = o. What is f(u)?
6
Let a(y) be the second derivative of y**4/12 - y**3/3 + 3*y**2/2 - 10*y - 2. Calculate a(4).
11
Let k = -18 + 33. Let w(m) = -16 + 1047*m - 647*m - 399*m. Calculate w(k).
-1
Let m(c) = -2*c**3 + 19*c**2 + 2*c + 72. Let g be m(10). Let x(f) = f**2 + 13*f + 37. Give x(g).
-3
Let r(m) = 2*m - 3. Let c = 62 - 58. Suppose l + 7*l = c*l. Suppose -2*t + 3*t - 3 = 2*y, l = 2*y + 5*t + 33. Give r(y).
-11
Suppose -k + 232 = 5*m, 0 = 4*m - 9*m - 4*k + 223. Let v(o) = -o**3 + 48*o**2 - 47*o + 3. Determine v(m).
3
Let i(d) = d**3 - 9*d**2 - 11*d - 3. Let b = 1373 - 942. Let l = b + -421. What is i(l)?
-13
Suppose -16 = -7*a + 6*a. Suppose -18*v = -a*v + 12. Let c(k) = -1 + 3*k**2 + 7*k + 2 - 2*k**2 + 0. Determine c(v).
-5
Suppose -12 = 2*b - 4. Let d(x) be the second derivative of -x**4/4 - x**3 - 3*x**2 - 4*x - 36143. Calculate d(b).
-30
Let i = 7 + -2. Suppose -4*s - 2 = -2*v, v - i = -4*v + s. Let k(d) = -d + 7*d - 5*d - v. Calculate k(10).
9
Suppose -2*x - 1 = -41. Suppose -48*z = -38*z + x. Let h(w) = 3*w - 2. Calculate h(z).
-8
Let a(v) be the first derivative of v**4/4 - v**3 - 13*v**2/2 + 12*v - 781. Give a(5).
-3
Let i(q) = 2*q**2 - 30*q - 45. Let v be i(16). Let u(f) = -f**3 + 136*f - 67*f - 69*f - 13*f**2 - 5. Calculate u(v).
-5
Let x be 2*(-4)/(-16)*-34. Let d(p) = 4*p**3 - p + 2. Let t(h) = 11*h**3 - 18*h**2 - 22*h - 18. Let c(i) = -3*d(i) + t(i). Give c(x).
10
Let w(p) = 7*p**3 - 5*p**2 - 2*p - 76. Let s(y) = 3*y**3 - 2*y**2 - y - 31. Let m(i) = 5*s(i) - 2*w(i). Calculate m(2).
3
Let u = 11 + -20. Let o be (u - -5)/(8/(-36)*-3). Let k(m) = -m**3 - 5*m**2 + 8*m + 6. Determine k(o).
-6
Suppose -9 = 18*r - 29*r - 42. Let c(s) = s**2 - 3*s + 8. Calculate c(r).
26
Let q(v) = v**2 + v + 45. Suppose 120*u = 109 - 109. Give q(u).
45
Let w(y) = -87 - 4*y + 2*y + 34 + y + 52. Suppose -5*x = -3*x - 2*j - 6, -16 = 4*j. What is w(x)?
0
Let w(h) = -4*h**2 - 12*h + 25. Let i(v) = -14 - 3*v**2 + 65 - 3 - 4*v**2 - 22*v. Let b(a) = -6*i(a) + 11*w(a). Determine b(0).
-13
Let v(g) = -85 - 77 + 48 - 914*g + 942*g. Calculate v(5).
26
Suppose -5*l - 5*y + 25 = 0, 5*l - 4*y = 2*l + 1. Let r(s) = -32*s + 4. Let x(p) = -8*p + 1. Let i(g) = 2*r(g) - 9*x(g). What is i(l)?
23
Suppose 0 = -7*f - 0*f + 21. Suppose -3*b = 4*t - 38, f*t - 18 = 2*t - 5*b. Let p(g) = -2*g + 12. Determine p(t).
-4
Let t(b) = 2*b - 2. Let f(k) = k**3 - 32 + 0*k**3 + 19*k + 22*k**2 - 2*k**3 - 7*k**2. Let r be f(16). Let q = r - 10. What is t(q)?
10
Suppose 0 = -6*k + 200 + 184. Suppose 20*b + k = -16. Let o(g) = -g**3 - 4*g**2 - 2*g - 6. Give o(b).
2
Let h(l) = -6*l + 32 + 27*l + 0*l + 15*l - 176. Give h(4).
0
Let b(o) = o**3 + o**2 + 82*o + 5. Let f be b(0). Let t(j) = -13*j + 75. Calculate t(f).
10
Let p(h) = -h**3 - 20*h**2 - 15*h + 92. Let n be p(-19). Let x(f) = -f + 12. What is x(n)?
-4
Let t(p) = -4*p + 4. Let h = -200 - -204. Calculate t(h).
-12
Suppose -i + 39 = 2*x - 0*x, -4*i + 4 = 0. Let c(n) = x - 7 + 2*n - 8 - 6. Calculate c(-5).
-12
Let f be (-27)/36 - (-1293)/12. Let m = -100 + f. Let c(r) = -r**2 + 8*r + 10. Give c(m).
17
Let y(x) = -1 + 0 + 637*x**2 + 2*x - 319*x**2 - 306*x**2. Calculate y(1).
13
Let x(k) = k + 3. Let l = 38 + -43. Let i(z) be the first derivative of -z**4/4 - 4*z**3/3 + 4*z**2 + 8*z + 8. Let v be i(l). What is x(v)?
-4
Let h(t) = 7 + 5*t**2 - 11*t**2 - 8*t + t**3 + 8*t. Let c = -129 + 90. Let v be (c/(-3) - 3)/2. Determine h(v).
-18
Let y(g) = -5*g + 187402 - g**2 - g**2 + g**2 - 187404 + 2*g. Suppose 0*m = 4*m. Calculate y(m).
-2
Let k(y) be the second derivative of -15 + 1/12*y**4 + 6*y**2 + 3/2*y**3 - y. Give k(-9).
12
Let w(g) = -g**3 - 8*g**2 + 8*g + 10. Let d be 0/(1 + -2)*(-75)/75. Suppose 4*b - 47 = 4*y - 95, -3*b - 5*y - 12 = d. Give w(b).
19
Let d(r) be the third derivative of 0 + 0*r**3 + r + 3/40*r**6 + 1/60*r**5 + r**2 + 1/24*r**4. Calculate d(-1).
-9
Suppose t + 20 = 2*k, 8*k - 40 = 4*k + 3*t. Let r(d) = 39*d - k - 15*d - 26*d. What is r(-7)?
4
Let j(l) = 26777*l - 27*l**2 + 4*l**3 - 3*l**3 - 26804*l - 38. What is j(28)?
-10
Suppose 0 = 11*n - 6 - 16. Let w(o) = 3*o**2 + 5*o - 9. Let c(h) = 16*h**2 + 27*h - 47. Let g(s) = n*c(s) - 11*w(s). Give g(6).
-37
Let f(o) be the third derivative of -1/3*o**3 + 0 + 154*o**2 + 0*o + 5/24*o**4. Suppose -9 = -2*d - d. Calculate f(d).
13
Let s(n) = 80*n + 1 - 35 + 126 - 144*n + 108. Calculate s(3).
8
Let b(k) = k**3 - 3*k**2 + 2*k + 3. Suppose -8*g = -7*g - 4*x + 510, 0 = 4*g - 2*x + 2082. Let n = -518 - g. What is b(n)?
27
Let o(l) be the first derivative of l**3/3 + 9*l**2/2 + 6*l + 2. Let j be o(-8). Let q(w) be the first derivative of -w**3 - w**2 + w - 1943. What is q(j)?
-7
Let p(y) = y - 16. Let x be ((-1)/(5/(-15)))/((-1)/(-7)). Calculate p(x).
5
Let s(y) = -84*y**2 - 96*y**2 - 3 + 171*y**2 + y**3 + 11*y. What is s(8)?
21
Let p(z) be the second derivative of -1/3*z**3 + 124*z + 1/2*z**4 - 5/2*z**2 + 1/20*z**5 - 2. Determine p(-5).
30
Let z(c) = 2*c - 19. Let i be (1517/481 - (-8)/(-52)) + 0/(-2). Determine z(i).
-13
Let s(d) = -21*d**2 - 7*d + 9. Let q(c) = 22*c**2 + c. Let y(z) = q(z) + s(z). Let o(r) = -r**3 - 13*r**2 + 4. Let l be o(-13). Determine y(l).
1
Let p be 50/15 - 44/132. Let n(k) = -k**3 + k**2 - k - 5. What is n(p)?
-26
Let n be 2155/85 - (-6)/(-17). Let q(w) be the first derivative of -1/4*w**4 - 10/3*w**3 - 9*w + 0*w**2 - n. What is q(-10)?
-9
Let u(l) be the third derivative of l**5/60 + 5*l**4/24 + l**3/3 - 2*l**2 + 2*l. Let b be 8/1*(21/6)/1. Let z = -33 + b. Give u(z).
2
Let r(a) = -a**3 - 5*a**2 + 3*a + 2. Suppose 8*x + 174 - 142 = 0. Determine r(x).
-26
Suppose -2*s + 39 = 3*t, -s + t + 12 = 5. Let h(q) = 31*q - 363. Give h(s).
9
Let y(i) = i**